3*p + 46, 4*p + 7 + 5 = 0. Calculate the remainder when t is divided by ((-120)/140)/((-1)/7).
5
Let o be (0 - 5)*(-48)/(-30). Let m be 1/4 + 10/(-8). What is the remainder when 18 is divided by ((-40)/o)/(m/(-2))?
8
Let q(r) = -6*r - 25. Suppose -h = 7 - 21. Calculate the remainder when h is divided by q(-5).
4
Suppose 5*w = g - 17, -12 = 3*g + 4*w - 120. What is the remainder when g is divided by 7?
4
Let b(n) = 55*n + 9. Let j(g) = -27*g - 4. Suppose r - 12 = -5*f, 7 - 1 = -2*r. Let o(c) = f*b(c) + 7*j(c). What is the remainder when o(-1) is divided by 13?
10
Suppose 4*j - 126 - 118 = 0. Suppose -3*t = 33 - 138. Let o = t - 19. What is the remainder when j is divided by o?
13
Suppose -2*u - 30 = -5*u. Let h(t) be the first derivative of -t**4/4 + 2*t**3 + t**2 - 8*t - 2. What is the remainder when u is divided by h(6)?
2
Let m(b) = -6*b - 1. Let x(z) = -z + 1. Let s(j) = m(j) - 2*x(j). Calculate the remainder when 25 - ((-2 - -1) + 1) is divided by s(-3).
7
Suppose 3*l = 5*z - 34, 2*l = 4*z + z - 36. Calculate the remainder when 21 is divided by z.
5
Suppose 2*m - 6*m = -5*l - 39, 0 = -4*l + 5*m - 24. Let x = 3 - l. Calculate the remainder when 26 is divided by x.
12
What is the remainder when 103 is divided by (1 - (3 + (-2 - -2))) + 17?
13
Let g = 2 - -3. Suppose r + 24 = g*r. Let q = r - -2. Calculate the remainder when q is divided by 3.
2
Let r = -80 - -50. Let l = r - -44. Suppose 0 = 3*u + 8*u - 286. Calculate the remainder when u is divided by l.
12
Let g = -257 - -392. Suppose w = 5*t - 105, 3*t + 5*w = -2*t + g. What is the remainder when t is divided by 6?
4
Suppose 3*i = 4*i - 3. Suppose 0 = -i*b + 2*b + 19. What is the remainder when b is divided by 7?
5
Calculate the remainder when (0 - 1 - -2)*75 is divided by 26.
23
What is the remainder when 30 is divided by -1 - 56/(-10)*(7 - 2)?
3
Let v = -10 - -14. What is the remainder when 126/v - 3/6 is divided by 11?
9
Let j(c) = -4*c**2 + 27*c + 2. What is the remainder when j(5) is divided by 5?
2
Suppose 0 = -5*v + 2*v + 18. Let w = -7 - -16. What is the remainder when (-3 - (-60)/w)*3 is divided by v?
5
Let j be 1/((1 - -2)/6). Suppose 0 = 5*t + 4*u - 14, 32 = 4*t - j*t - 5*u. What is the remainder when (-1)/((-3)/t) + 43 is divided by 23?
22
Let n be 6/8 - 1584/64. Let l = -11 - n. Calculate the remainder when 21 is divided by l.
8
Suppose 2*k - 5*y = 12, k - 4*y = -2*k + 32. Let g be (-5)/(3/3) - 0. What is the remainder when (g/2)/(2/(-24)) is divided by k?
14
Suppose 4*h - c = c + 46, c = h - 14. What is the remainder when h is divided by 2?
1
Let y = -20 - -27. Suppose -y = -3*b + 5. Calculate the remainder when 5 is divided by b.
1
Suppose -9*m + 4*m = -3*h - 69, -5*m = 4*h - 48. What is the remainder when 47 is divided by m?
11
Let o = -16 - -23. Let j be 6/(-9) - 185/(-3). Suppose 4*v - 4*k - 31 = j, -2*v - k + 52 = 0. What is the remainder when v is divided by o?
4
Let r(l) = l**3 + l - 1. Let p(b) = -b**3 + 7*b**2 + 1. Let y be p(7). Calculate the remainder when 2 is divided by r(y).
0
Let n be (-1)/(1/(1 + 6)). Let t = n - -27. What is the remainder when 59 is divided by t?
19
Let z = -4 + 19. Calculate the remainder when 58 is divided by z.
13
What is the remainder when (-3)/2 + -94*(-24)/32 is divided by 18?
15
What is the remainder when (2 + 0 + -3)/((-2)/150) is divided by 11?
9
Let n = 32 + -17. What is the remainder when n is divided by 4?
3
Let q be 5 + -3 + (-7)/1. Let k be q/(2 - (-21)/(-9)). What is the remainder when (-3)/1 + (k - -3) is divided by 8?
7
Let v(j) = j**2 + j - 3. Let p(r) = r. What is the remainder when p(7) is divided by v(-3)?
1
Let t = 8 + -5. Let g = -2 + t. Suppose -4*s - 3*c = c, -5*s = 4*c - 1. What is the remainder when s is divided by g?
0
Suppose z + 25 = 5*g - g, g - z = 10. Let a(w) = 3*w + 5. What is the remainder when 39 is divided by a(g)?
19
Suppose 3*z = 2*z + 18. Calculate the remainder when z is divided by 5.
3
Suppose -2*q - q = 2*j - 62, -j - 5*q + 45 = 0. What is the remainder when 124 is divided by j?
24
Suppose 5*h - 176 = -3*q + 2*q, -h - 2*q = -37. What is the remainder when h is divided by 2?
1
Suppose -3*c + i + 1 = -2*c, 3*i = -2*c + 7. Suppose 3*l + 23 = c*z, -21 = -2*z - 5*l - 6. Calculate the remainder when 37 is divided by z.
7
Suppose 0 = -3*v + 56 + 82. Let c(h) = -17*h**3 - 2*h**2 + 1. Calculate the remainder when v is divided by c(-1).
14
Let o(p) = 4*p**2 - 7*p - 2. Calculate the remainder when o(5) is divided by 8.
7
Suppose -11 - 19 = -g. Let i = g + 3. Calculate the remainder when i is divided by 9.
6
Let k = 53 + -45. What is the remainder when 38 is divided by k?
6
Let s = 3 - -8. Let i = 9 - -18. Let l = 59 - i. Calculate the remainder when l is divided by s.
10
Let a = 264 + -150. What is the remainder when a is divided by 29?
27
Let t = 25 - 14. What is the remainder when t is divided by 3?
2
Let h = 2 - 7. Let d(g) = g**3 + 5*g**2 + 2*g. What is the remainder when 36/1 + 10/h is divided by d(-3)?
10
Let o = -21 - -33. What is the remainder when 19 is divided by o?
7
What is the remainder when 50 is divided by 25/10*6 - -3?
14
Suppose 0 = -10*l + 9*l + 17. What is the remainder when 48 is divided by l?
14
Let d(p) = -p**3 - 3*p**2 - 3*p - 4. Suppose -5*o = 4*k - 1 - 4, -4 = 3*o + k. Let q = 10 + -6. What is the remainder when d(o) is divided by q?
1
Let o(h) = 5*h**2 + 6*h + 6. What is the remainder when o(-5) is divided by 21?
17
Let h = -4 + 7. Suppose -4*f + 3*b = -79, -1 + h = -2*b. Let l(u) = 4*u**2 - 2*u - 2. What is the remainder when f is divided by l(2)?
9
Suppose -3*b - 2*b + 4*o = -661, 2*b = 4*o + 274. What is the remainder when b is divided by 33?
30
Let r(h) = 11*h**2 + h - 3. Let w(x) = -x**3 - x - 2. What is the remainder when r(-2) is divided by w(-2)?
7
Let x(v) = 27*v - 2. What is the remainder when 46 is divided by x(1)?
21
Calculate the remainder when 2/(-10) - 2177/(-35) is divided by 16.
14
Suppose 3*o + 37 = -5*n + 5*o, -o = -2*n - 14. Let b = n + 21. Calculate the remainder when 396/30*30/12 is divided by b.
9
Suppose 7 = 5*d - 8. Suppose 0*a = d*a - 84. What is the remainder when a is divided by 15?
13
Suppose -4*g + 3 = -13. Suppose -p + 8 = 3*p. Calculate the remainder when g is divided by p.
0
Let j(q) = q**3 + q**2 - q - 3. Let a be j(0). Let f be (-26)/(-10) - a/(-5). What is the remainder when 31 is divided by f*3/(-6)*-11?
9
Let x = 9 - 4. Suppose 0 = -5*c, -2*c - 180 = -x*r - 4*c. Suppose -4*y + 37 = 3*q - r, y - q - 20 = 0. What is the remainder when y is divided by 7?
5
Calculate the remainder when 130 is divided by ((-66)/4)/((-6)/12).
31
Suppose -6*n + 2*d = -n, -n = d - 7. Suppose 8 = n*s - 14. Let t(h) = h**3 + h**2 + h + 2. What is the remainder when t(3) is divided by s?
8
Let u = 31 + -15. Calculate the remainder when u is divided by 9.
7
Let i(j) = 1. Let q(n) = -3*n - 9. Let d(r) = 3*i(r) + q(r). Let m = -10 - -27. Calculate the remainder when m is divided by d(-5).
8
What is the remainder when 1 + 55 + (7 - 4) is divided by 15?
14
Let u be -2*((-6)/(-4))/(-3). Let o be (-2 + 2 - -3) + u. Suppose 0 = -6*k + o*k + 70. Calculate the remainder when k is divided by 18.
17
Let o = -117 + 168. Let z = -6 - -24. Calculate the remainder when o is divided by z.
15
Let x(b) = -b**2 + 12*b + 14. Let p be x(11). Suppose u - p = -h, -2 = -u - 1. What is the remainder when 45 is divided by h?
21
Suppose 5*x - 4*u - 383 = 0, -2*u - 1 - 3 = 0. What is the remainder when x is divided by 13?
10
Let z = -211 - -310. What is the remainder when z is divided by 20?
19
Suppose 3*q = q + 6. Suppose -5*o = -3*r - 23, q*o - 7*o + 44 = 4*r. Calculate the remainder when o is divided by 3.
1
Let t(q) = 5*q - 1. Let c be t(1). Suppose 2*m - 94 = -c*v, 2*v + 192 = 4*m + 6*v. Calculate the remainder when m is divided by 13.
10
Suppose 5*a = -2*v + 11, 3*a + 10 = 7*a + v. Let k(x) = x**2 + 2*x**3 + 3 - 4*x + 0*x**a + 6*x**2 - x**3. What is the remainder when k(-7) is divided by 11?
9
Let q = -35 + 19. Let y = 6 - q. Suppose -v + y = 5*n - 8, 2*v + 4*n = 60. Calculate the remainder when v is divided by 16.
14
Let x be -10*3/15*4. Let b = 40 - x. Suppose 6 = -3*j + j, 2*m - b = 2*j. Calculate the remainder when m is divided by 11.
10
Suppose -9 + 44 = 5*v. Suppose 5*i = 4*i - v. Let 